{"id":11,"date":"2019-11-05T18:27:55","date_gmt":"2019-11-05T18:27:55","guid":{"rendered":"http:\/\/sincro1.hospedagemdesites.ws\/blog\/?page_id=11"},"modified":"2019-12-03T17:46:07","modified_gmt":"2019-12-03T17:46:07","slug":"sobre","status":"publish","type":"page","link":"https:\/\/sincro.net.br\/blog\/sobre\/","title":{"rendered":"Sobre"},"content":{"rendered":"\n<div class=\"wp-block-image\"><figure class=\"aligncenter\"><img loading=\"lazy\" width=\"355\" height=\"227\" src=\"http:\/\/sincro1.hospedagemdesites.ws\/blog\/wp-content\/uploads\/2019\/11\/Logo3-01_menor.jpg\" alt=\"\" class=\"wp-image-29\" srcset=\"https:\/\/sincro.net.br\/blog\/wp-content\/uploads\/2019\/11\/Logo3-01_menor.jpg 355w, https:\/\/sincro.net.br\/blog\/wp-content\/uploads\/2019\/11\/Logo3-01_menor-300x192.jpg 300w\" sizes=\"(max-width: 355px) 100vw, 355px\" \/><\/figure><\/div>\n\n\n<p>\u00a0<\/p>\n<p style=\"text-align: center;\"><strong>N\u00f3s da equipe da Sincro Inform\u00e1tica idealizamos este blog para trazer aos usu\u00e1rios as atualiza\u00e7\u00f5es de nossos sistemas, assim como publicar novidades relevantes sobre os setores de atua\u00e7\u00e3o de nossos clientes.<\/strong><\/p>\n<p style=\"text-align: center;\"><strong>Aqui voc\u00eas poder\u00e3o comentar, sugerir, perguntar&#8230; enfim interagir conosco sobre nossos sistemas e servi\u00e7os. Fiquem \u00e0 vontade!<\/strong><\/p>\n<p style=\"text-align: center;\"><strong>Obrigada por ser um parceiro <span style=\"color: #2a9dac;\">SINCRO<\/span>!<\/strong><\/p>\n<p><strong>N\u00e3o \u00e9 cliente ainda? Entre em contato conosco!<\/strong><\/p>\n<p><strong>Tel.: (041) 3022 5504<\/strong><\/p>\n<p><strong>Cel.\/Whatsapp: (041) 99102 5268<\/strong><\/p>","protected":false},"excerpt":{"rendered":"<p>\u00a0 N\u00f3s da equipe da Sincro Inform\u00e1tica idealizamos este blog para trazer aos usu\u00e1rios as atualiza\u00e7\u00f5es de nossos sistemas, assim como publicar novidades relevantes sobre os setores de atua\u00e7\u00e3o de nossos clientes. Aqui voc\u00eas poder\u00e3o comentar, sugerir, perguntar&#8230; enfim interagir conosco sobre nossos sistemas e servi\u00e7os. Fiquem \u00e0 vontade! Obrigada por ser um parceiro SINCRO!&hellip;<\/p>\n","protected":false},"author":1,"featured_media":0,"parent":0,"menu_order":0,"comment_status":"closed","ping_status":"closed","template":"","meta":[],"_links":{"self":[{"href":"https:\/\/sincro.net.br\/blog\/wp-json\/wp\/v2\/pages\/11"}],"collection":[{"href":"https:\/\/sincro.net.br\/blog\/wp-json\/wp\/v2\/pages"}],"about":[{"href":"https:\/\/sincro.net.br\/blog\/wp-json\/wp\/v2\/types\/page"}],"author":[{"embeddable":true,"href":"https:\/\/sincro.net.br\/blog\/wp-json\/wp\/v2\/users\/1"}],"replies":[{"embeddable":true,"href":"https:\/\/sincro.net.br\/blog\/wp-json\/wp\/v2\/comments?post=11"}],"version-history":[{"count":6,"href":"https:\/\/sincro.net.br\/blog\/wp-json\/wp\/v2\/pages\/11\/revisions"}],"predecessor-version":[{"id":215,"href":"https:\/\/sincro.net.br\/blog\/wp-json\/wp\/v2\/pages\/11\/revisions\/215"}],"wp:attachment":[{"href":"https:\/\/sincro.net.br\/blog\/wp-json\/wp\/v2\/media?parent=11"}],"curies":[{"name":"wp","href":"https:\/\/api.w.org\/{rel}","templated":true}]}}